{"id":85,"date":"2023-12-17T14:28:48","date_gmt":"2023-12-17T14:28:48","guid":{"rendered":"http:\/\/hanfmann.net\/?page_id=85"},"modified":"2023-12-17T14:29:10","modified_gmt":"2023-12-17T14:29:10","slug":"cbd","status":"publish","type":"page","link":"https:\/\/hanfmann.net\/?page_id=85","title":{"rendered":"CBD"},"content":{"rendered":"\n<p><strong>CBD \u2013 Cannabidiol<\/strong><\/p>\n\n\n<div class=\"wp-block-image\">\n<figure class=\"alignright size-full is-resized\"><img loading=\"lazy\" decoding=\"async\" width=\"250\" height=\"131\" src=\"http:\/\/hanfmann.net\/wp-content\/uploads\/2023\/12\/CBD.png\" alt=\"\" class=\"wp-image-86\" style=\"width:349px;height:auto\"\/><\/figure>\n<\/div>\n\n\n<p>Das bereits 1940 entdeckte CBD ist ein nicht psychoaktives Cannabinoid. D.h., im Gegensatz zu THC, l\u00f6st CBD keinen Rauschzustand aus und ist deshalb deutlich von THC, nichtzuletzt in der gesetzlichen Handhabung, abzugrenzen. CBD wirkt \u00fcber unser k\u00f6rpereigenes Endocannabinoid-System auf sehr vielf\u00e4ltige Weise und steht weiterhin im Fokus vieler wissenschaftlicher Studien. Seine Beliebtheit und Anwendung in vielen Cannabis-Produkten ist vor allem auf seine positiven Effekte auf unser Wohlbefinden zur\u00fcckzuf\u00fchren.<\/p>\n\n\n\n<p>So wird im eine ausgleichende Wirkung zugeschrieben, welche uns gerade im stressigen Alltag unterst\u00fctzen kann, also auch eine positive Wirkung auf die Qualit\u00e4t unseres Schlafes. CBD ist in vielen frei erwerblichen Produkten zu finden. Die Anwendung in Form von CBD \u00d6l ist eine der beliebtesten Formen, um in die Vorz\u00fcge von CBD zu kommen. Hier wird CBD gerne in Pflegeprodukten verwendet, um die Haut mit wertvollen Inhaltsstoffen zu versorgen.<\/p>\n","protected":false},"excerpt":{"rendered":"<p>CBD \u2013 Cannabidiol Das bereits 1940 entdeckte CBD ist ein nicht psychoaktives Cannabinoid. D.h., im Gegensatz zu THC, l\u00f6st CBD keinen Rauschzustand aus und ist deshalb deutlich von [&hellip;]<\/p>\n","protected":false},"author":3,"featured_media":0,"parent":80,"menu_order":0,"comment_status":"closed","ping_status":"closed","template":"","meta":{"footnotes":""},"class_list":["post-85","page","type-page","status-publish","hentry"],"jetpack_sharing_enabled":true,"_links":{"self":[{"href":"https:\/\/hanfmann.net\/index.php?rest_route=\/wp\/v2\/pages\/85","targetHints":{"allow":["GET"]}}],"collection":[{"href":"https:\/\/hanfmann.net\/index.php?rest_route=\/wp\/v2\/pages"}],"about":[{"href":"https:\/\/hanfmann.net\/index.php?rest_route=\/wp\/v2\/types\/page"}],"author":[{"embeddable":true,"href":"https:\/\/hanfmann.net\/index.php?rest_route=\/wp\/v2\/users\/3"}],"replies":[{"embeddable":true,"href":"https:\/\/hanfmann.net\/index.php?rest_route=%2Fwp%2Fv2%2Fcomments&post=85"}],"version-history":[{"count":1,"href":"https:\/\/hanfmann.net\/index.php?rest_route=\/wp\/v2\/pages\/85\/revisions"}],"predecessor-version":[{"id":87,"href":"https:\/\/hanfmann.net\/index.php?rest_route=\/wp\/v2\/pages\/85\/revisions\/87"}],"up":[{"embeddable":true,"href":"https:\/\/hanfmann.net\/index.php?rest_route=\/wp\/v2\/pages\/80"}],"wp:attachment":[{"href":"https:\/\/hanfmann.net\/index.php?rest_route=%2Fwp%2Fv2%2Fmedia&parent=85"}],"curies":[{"name":"wp","href":"https:\/\/api.w.org\/{rel}","templated":true}]}}