{"id":74,"date":"2023-12-17T14:13:28","date_gmt":"2023-12-17T14:13:28","guid":{"rendered":"http:\/\/hanfmann.net\/?page_id=74"},"modified":"2023-12-17T14:14:03","modified_gmt":"2023-12-17T14:14:03","slug":"inhalieren-verdampfen-vaporisieren-von-cannabis","status":"publish","type":"page","link":"https:\/\/hanfmann.net\/?page_id=74","title":{"rendered":"Inhalieren \u2013 Verdampfen\/ Vaporisieren von Cannabis"},"content":{"rendered":"\n<p>Beim Verdampfen werden, im Gegenteil zum Rauchen, die Cannabisbl\u00fcten nicht verbrannt, sondern quasi durch Luft erhitzt. \u00dcber den Prozess des Verdampfens werden die Wirkstoffe in Dampf aufgel\u00f6st, welcher dann einfach inhaliert werden kann. Wir kennen diese Form der Therapie etwa f\u00fcr die Behandlung von Atemswegserkrankungen: \u00e4therische \u00d6le oder Heilkr\u00e4uter werden hier \u00fcber den Dampf eingeatmet und vom K\u00f6rper aufgenommen. F\u00fcr den Cannabiskonsum sind handliche Verdampfer auf dem Markt erh\u00e4ltich, sogenannte Vaporizer.<\/p>\n\n\n\n<p><em><strong>Vorteile<\/strong><\/em><\/p>\n\n\n\n<p>Diese Form der Wirkstoffeinnahme wird von Krankenkassen und \u00c4rzten empfohlen. Zum einen ist eine gezielte Dosierung als auch eine, im Vergleich zum Rauchen, geringere Menge an Cannabis notwendig, denn der Prozess des Verdampfens erlaubt eine effizientere und schonendere Nutzung der Ausgangsstoffe. Zum anderen werden beim Vaporisieren, durch die fehlende Verbrennung, erheblich weniger Schadstoffe mit der Lunge aufgenommen sowie weniger st\u00f6render Geruch verursacht. Da das Inhalieren der Wirkstoffe unmittelbar wirkt, ist es insbesondere f\u00fcr Patienten geeignet, die eine schnelle und direkte Wirkung, etwa f\u00fcr die Schmerzlinderung, ben\u00f6tigen.<\/p>\n\n\n\n<p><em><strong>Nachteile<\/strong><\/em><\/p>\n\n\n\n<p>Auch wenn er stark vermindert ist, auch beim Vaporisieren wird ein Geruch erzeugt, der diese Form des Konsums f\u00fcr den \u00f6ffentlichen und beruflichen Alltag zumeist unbrauchbar macht. Zudem ben\u00f6tigt man ein gutes Ger\u00e4t sowie Kenntnisse in der Verwendung und Wartung des Vaporizers. Dies erfordert einiges an Recherche im Dschungel der Anbieter und Produkte, da viele Faktoren die <em><u>Qualit\u00e4t eines Vaporizers<\/u><\/em> bestimmen und man, glaubt mir, schnell sehr viel Geld f\u00fcr \u201eNichts\u201c ausgeben kann. (\u2192 Mehr hierzu unter Vaporizer)<\/p>\n","protected":false},"excerpt":{"rendered":"<p>Beim Verdampfen werden, im Gegenteil zum Rauchen, die Cannabisbl\u00fcten nicht verbrannt, sondern quasi durch Luft erhitzt. \u00dcber den Prozess des Verdampfens werden die Wirkstoffe in Dampf aufgel\u00f6st, welcher [&hellip;]<\/p>\n","protected":false},"author":3,"featured_media":0,"parent":58,"menu_order":0,"comment_status":"closed","ping_status":"closed","template":"","meta":{"footnotes":""},"class_list":["post-74","page","type-page","status-publish","hentry"],"jetpack_sharing_enabled":true,"_links":{"self":[{"href":"https:\/\/hanfmann.net\/index.php?rest_route=\/wp\/v2\/pages\/74","targetHints":{"allow":["GET"]}}],"collection":[{"href":"https:\/\/hanfmann.net\/index.php?rest_route=\/wp\/v2\/pages"}],"about":[{"href":"https:\/\/hanfmann.net\/index.php?rest_route=\/wp\/v2\/types\/page"}],"author":[{"embeddable":true,"href":"https:\/\/hanfmann.net\/index.php?rest_route=\/wp\/v2\/users\/3"}],"replies":[{"embeddable":true,"href":"https:\/\/hanfmann.net\/index.php?rest_route=%2Fwp%2Fv2%2Fcomments&post=74"}],"version-history":[{"count":1,"href":"https:\/\/hanfmann.net\/index.php?rest_route=\/wp\/v2\/pages\/74\/revisions"}],"predecessor-version":[{"id":75,"href":"https:\/\/hanfmann.net\/index.php?rest_route=\/wp\/v2\/pages\/74\/revisions\/75"}],"up":[{"embeddable":true,"href":"https:\/\/hanfmann.net\/index.php?rest_route=\/wp\/v2\/pages\/58"}],"wp:attachment":[{"href":"https:\/\/hanfmann.net\/index.php?rest_route=%2Fwp%2Fv2%2Fmedia&parent=74"}],"curies":[{"name":"wp","href":"https:\/\/api.w.org\/{rel}","templated":true}]}}